{"id":24500,"date":"2023-03-08T12:54:43","date_gmt":"2023-03-08T11:54:43","guid":{"rendered":"https:\/\/www.brikol.sk\/produkt\/okenna-folia-interier-me320\/"},"modified":"2023-03-08T12:54:43","modified_gmt":"2023-03-08T11:54:43","slug":"okenna-folia-interier-me320","status":"publish","type":"product","link":"https:\/\/www.brikol.sk\/de\/produkt\/okenna-folia-interier-me320\/","title":{"rendered":"Okenn\u00e1 f\u00f3lia interi\u00e9r ME320"},"content":{"rendered":"<p><strong><span style=\"font-size: 100%;\">Samolepiaca okenn\u00e1 f\u00f3lia interi\u00e9r ME320<\/span><\/strong><\/p>\n<p><strong>INTERIOR MEMBRANE<\/strong>\u00a0 (Samolepiaca okenn\u00e1 f\u00f3lia Interi\u00e9r ME320)\u00a0 ur\u010den\u00e1 na vytvorenie vzduchotesnej izola\u010dnej vrstvy na interi\u00e9rovej strane prip\u00e1jacej \u0161p\u00e1ry. V\u010faka verzii &#8220;EW&#8221;\u00a0 aplikovate\u013en\u00e1 do v\u0161etk\u00fdch be\u017en\u00fdch tvarov detailov. Predt\u00fdm bola f\u00f3lia distribuovan\u00e1 pod n\u00e1zvom ME511<\/p>\n<p>4 varianty prevedenia:<\/p>\n<ul>\n<li>Bez butylu: P\u00f4vodn\u00e9 prevedenie, ktor\u00e9 je bez lepidla, ktor\u00e9 fixuje f\u00f3liu k osteniu. Na upevnenie sa pou\u017e\u00edva SP025 alebo OT300 Aplik\u00e1cia od +5 \u00b0C do +40 \u00b0C.<\/li>\n<li>S butylom: Integrovan\u00fd samolepiaci pruh. Aplik\u00e1cia od +5 \u00b0C do +40 \u00b0C, pokia\u013e nie je pou\u017eit\u00e1 impregn\u00e1cia.<\/li>\n<li>S perlinkou: Na upevnenie f\u00f3lie k osteniu sl\u00fa\u017ei integrovan\u00e1 perlinka, ktor\u00e1 sa vklad\u00e1 do vrstvy cementov\u00e9ho lepidla.<\/li>\n<li>VV: F\u00f3lia opatren\u00e1 takmer celoplo\u0161ne lepidlom novej gener\u00e1cie. Aplik\u00e1cia od -10 \u00b0C a\u017e +40 \u00b0C.<\/li>\n<\/ul>\n<h2><span style=\"font-size: 80%;\">Farba<\/span><\/h2>\n<ul>\n<li>biela<\/li>\n<\/ul>\n<h2><span style=\"font-size: 80%;\">Prednosti<\/span><\/h2>\n<ul>\n<li><span style=\"font-family: Arial;\">4 varianty mont\u00e1\u017ee na ostenie\u00a0<\/span><span style=\"font-family: Arial;\"><br \/>\n<\/span><\/li>\n<li><span style=\"font-family: Arial;\">omietate\u013en\u00e1\u00a0<\/span><span style=\"font-family: Arial;\"><br \/>\n<\/span><\/li>\n<li><span style=\"font-family: Arial;\">vduchotesn\u00e1 a parobrzdiaca<\/span><span style=\"font-family: Arial;\"> \u00a0 <\/span><\/li>\n<\/ul>\n<p><span style=\"text-decoration: underline;\"><strong>Na stiahnutie <\/strong><\/span><\/p>\n<p><span style=\"font-family: Arial;\"><a href=\"https:\/\/www.brikol.sk\/wp-content\/uploads\/2023\/03\/Technicky-list.pdf\">Technick\u00fd list <\/a><\/span><\/p>\n<p><a href=\"https:\/\/www.brikol.sk\/wp-content\/uploads\/2023\/03\/Bezpecnostny-list.pdf\">Bezpe\u010dnostn\u00fd list<\/a><\/p>\n<p><a href=\"https:\/\/www.brikol.sk\/wp-content\/uploads\/2023\/03\/Vyhlasenie-o-parametroch.pdf\">Vyhl\u00e1senie o parametroch<\/a><\/p>\n<p><a href=\"https:\/\/www.brikol.sk\/wp-content\/uploads\/2023\/03\/Atest.pdf\">Atest<\/a><\/p>\n<p><span style=\"font-size: 75%;\">Tovar je na externom sklade jeho expedovanie je do 2 &#8211; 3 pracovn\u00fdch dn\u00ed<\/span><\/p>\n","protected":false},"excerpt":{"rendered":"<p><strong>INTERIOR MEMBRANE<\/strong>\u00a0 (Okenn\u00e1 f\u00f3lia Interi\u00e9r) je ur\u010den\u00e1 na vytvorenie vzduchotesnej izola\u010dnej vrstvy na interi\u00e9rovej strane prip\u00e1jacej \u0161p\u00e1ry.<\/p>\n<p>&nbsp;<\/p>\n","protected":false},"featured_media":14625,"comment_status":"open","ping_status":"closed","template":"","meta":[],"product_cat":[239],"product_tag":[],"_links":{"self":[{"href":"https:\/\/www.brikol.sk\/de\/wp-json\/wp\/v2\/product\/24500"}],"collection":[{"href":"https:\/\/www.brikol.sk\/de\/wp-json\/wp\/v2\/product"}],"about":[{"href":"https:\/\/www.brikol.sk\/de\/wp-json\/wp\/v2\/types\/product"}],"replies":[{"embeddable":true,"href":"https:\/\/www.brikol.sk\/de\/wp-json\/wp\/v2\/comments?post=24500"}],"wp:featuredmedia":[{"embeddable":true,"href":"https:\/\/www.brikol.sk\/de\/wp-json\/wp\/v2\/media\/14625"}],"wp:attachment":[{"href":"https:\/\/www.brikol.sk\/de\/wp-json\/wp\/v2\/media?parent=24500"}],"wp:term":[{"taxonomy":"product_cat","embeddable":true,"href":"https:\/\/www.brikol.sk\/de\/wp-json\/wp\/v2\/product_cat?post=24500"},{"taxonomy":"product_tag","embeddable":true,"href":"https:\/\/www.brikol.sk\/de\/wp-json\/wp\/v2\/product_tag?post=24500"}],"curies":[{"name":"wp","href":"https:\/\/api.w.org\/{rel}","templated":true}]}}

Okenná fólia interiér ME320

<p><strong><span style="font-size: 100%;">Samolepiaca okenná fólia interiér ME320</span></strong></p>
<p><strong>INTERIOR MEMBRANE</strong>  (Samolepiaca okenná fólia Interiér ME320)  určená na vytvorenie vzduchotesnej izolačnej vrstvy na interiérovej strane pripájacej špáry. Vďaka verzii &#8220;EW&#8221;  aplikovateľná do všetkých bežných tvarov detailov. Predtým bola fólia distribuovaná pod názvom ME511</p>
<p>4 varianty prevedenia:</p>
<ul>
<li>Bez butylu: Pôvodné prevedenie, ktoré je bez lepidla, ktoré fixuje fóliu k osteniu. Na upevnenie sa používa SP025 alebo OT300 Aplikácia od +5 °C do +40 °C.</li>
<li>S butylom: Integrovaný samolepiaci pruh. Aplikácia od +5 °C do +40 °C, pokiaľ nie je použitá impregnácia.</li>
<li>S perlinkou: Na upevnenie fólie k osteniu slúži integrovaná perlinka, ktorá sa vkladá do vrstvy cementového lepidla.</li>
<li>VV: Fólia opatrená takmer celoplošne lepidlom novej generácie. Aplikácia od -10 °C až +40 °C.</li>
</ul>
<h2><span style="font-size: 80%;">Farba</span></h2>
<ul>
<li>biela</li>
</ul>
<h2><span style="font-size: 80%;">Prednosti</span></h2>
<ul>
<li><span style="font-family: Arial;">4 varianty montáže na ostenie </span><span style="font-family: Arial;"><br />
</span></li>
<li><span style="font-family: Arial;">omietateľná </span><span style="font-family: Arial;"><br />
</span></li>
<li><span style="font-family: Arial;">vduchotesná a parobrzdiaca</span><span style="font-family: Arial;">   </span></li>
</ul>
<p><span style="text-decoration: underline;"><strong>Na stiahnutie </strong></span></p>
<p><span style="font-family: Arial;"><a href="https://www.brikol.sk/wp-content/uploads/2023/03/Technicky-list.pdf">Technický list </a></span></p>
<p><a href="https://www.brikol.sk/wp-content/uploads/2023/03/Bezpecnostny-list.pdf">Bezpečnostný list</a></p>
<p><a href="https://www.brikol.sk/wp-content/uploads/2023/03/Vyhlasenie-o-parametroch.pdf">Vyhlásenie o parametroch</a></p>
<p><a href="https://www.brikol.sk/wp-content/uploads/2023/03/Atest.pdf">Atest</a></p>
<p><span style="font-size: 75%;">Tovar je na externom sklade jeho expedovanie je do 2 &#8211; 3 pracovných dní</span></p>

<p><strong>INTERIOR MEMBRANE</strong>  (Okenná fólia Interiér) je určená na vytvorenie vzduchotesnej izolačnej vrstvy na interiérovej strane pripájacej špáry.</p>
<p>&nbsp;</p>
