{"id":4780,"date":"2021-12-16T08:39:24","date_gmt":"2021-12-16T07:39:24","guid":{"rendered":"https:\/\/www.brikol.sk\/?post_type=product&#038;p=4780"},"modified":"2025-05-15T13:57:44","modified_gmt":"2025-05-15T11:57:44","slug":"vozik-vertikaly","status":"publish","type":"product","link":"https:\/\/www.brikol.sk\/en\/produkt\/vozik-vertikaly\/","title":{"rendered":"Voz\u00edk vertik\u00e1ly pre plastov\u00fa distanciu \/ ks"},"content":{"rendered":"<p>Voz\u00edk vertik\u00e1ly do vrchn\u00e9ho profilu vertik\u00e1lnej \u017eal\u00fazie ur\u010den\u00fd pre plastov\u00e9 distancie.<\/p>\n<p>Rozmer: \u0161\u00edrka 41 mm, v\u00fd\u0161ka 15 mm (bez h\u00e1\u010diku), v\u00fd\u0161ka 32 mm (s h\u00e1\u010dikom), h\u013abka 9 mm<\/p>\n","protected":false},"excerpt":{"rendered":"<p>Voz\u00edk vertik\u00e1ly ur\u010den\u00fd do vrchn\u00e9ho profilu vertik\u00e1lnej \u017eal\u00fazie na ktor\u00fd sa ve\u0161aj\u00fa jednotliv\u00e9 lamely \u017eal\u00fazie.<\/p>\n","protected":false},"featured_media":20653,"comment_status":"closed","ping_status":"closed","template":"","meta":[],"product_cat":[66],"product_tag":[],"_links":{"self":[{"href":"https:\/\/www.brikol.sk\/en\/wp-json\/wp\/v2\/product\/4780"}],"collection":[{"href":"https:\/\/www.brikol.sk\/en\/wp-json\/wp\/v2\/product"}],"about":[{"href":"https:\/\/www.brikol.sk\/en\/wp-json\/wp\/v2\/types\/product"}],"replies":[{"embeddable":true,"href":"https:\/\/www.brikol.sk\/en\/wp-json\/wp\/v2\/comments?post=4780"}],"wp:featuredmedia":[{"embeddable":true,"href":"https:\/\/www.brikol.sk\/en\/wp-json\/wp\/v2\/media\/20653"}],"wp:attachment":[{"href":"https:\/\/www.brikol.sk\/en\/wp-json\/wp\/v2\/media?parent=4780"}],"wp:term":[{"taxonomy":"product_cat","embeddable":true,"href":"https:\/\/www.brikol.sk\/en\/wp-json\/wp\/v2\/product_cat?post=4780"},{"taxonomy":"product_tag","embeddable":true,"href":"https:\/\/www.brikol.sk\/en\/wp-json\/wp\/v2\/product_tag?post=4780"}],"curies":[{"name":"wp","href":"https:\/\/api.w.org\/{rel}","templated":true}]}}

Vozík vertikály pre plastovú distanciu / ks

<p>Vozík vertikály do vrchného profilu vertikálnej žalúzie určený pre plastové distancie.</p>
<p>Rozmer: šírka 41 mm, výška 15 mm (bez háčiku), výška 32 mm (s háčikom), hĺbka 9 mm</p>

<p>Vozík vertikály určený do vrchného profilu vertikálnej žalúzie na ktorý sa vešajú jednotlivé lamely žalúzie.</p>
