{"id":1163,"date":"2019-06-21T15:50:39","date_gmt":"2019-06-21T13:50:39","guid":{"rendered":"https:\/\/www.brikol.sk\/?post_type=product&#038;p=1163"},"modified":"2026-04-10T08:19:38","modified_gmt":"2026-04-10T06:19:38","slug":"koncovka-textilnej-pasky-isotra-cira","status":"publish","type":"product","link":"https:\/\/www.brikol.sk\/fr\/produkt\/koncovka-textilnej-pasky-isotra-cira\/","title":{"rendered":"Koncovka textilnej p\u00e1sky ISOTRA \u010d\u00edra \/ ks"},"content":{"rendered":"<p>Koncovka textilnej p\u00e1sky ISOTRA \u010d\u00edra sl\u00fa\u017ei na zafixovanie textilnej nav\u00edjacej p\u00e1sky v spodnom profile horizont\u00e1lnej \u017eal\u00fazie.<\/p>\n<p>(D x \u0160x V) 25 x 9 x 9 mm<\/p>\n","protected":false},"excerpt":{"rendered":"<p>Koncovka textilnej p\u00e1sky ISOTRA \u010d\u00edra sl\u00fa\u017ei na zafixovanie textilnej nav\u00edjacej p\u00e1sky v spodnom profile horizont\u00e1lnej \u017eal\u00fazie.<\/p>\n","protected":false},"featured_media":8037,"comment_status":"open","ping_status":"closed","template":"","meta":[],"product_cat":[65,84],"product_tag":[],"_links":{"self":[{"href":"https:\/\/www.brikol.sk\/fr\/wp-json\/wp\/v2\/product\/1163"}],"collection":[{"href":"https:\/\/www.brikol.sk\/fr\/wp-json\/wp\/v2\/product"}],"about":[{"href":"https:\/\/www.brikol.sk\/fr\/wp-json\/wp\/v2\/types\/product"}],"replies":[{"embeddable":true,"href":"https:\/\/www.brikol.sk\/fr\/wp-json\/wp\/v2\/comments?post=1163"}],"wp:featuredmedia":[{"embeddable":true,"href":"https:\/\/www.brikol.sk\/fr\/wp-json\/wp\/v2\/media\/8037"}],"wp:attachment":[{"href":"https:\/\/www.brikol.sk\/fr\/wp-json\/wp\/v2\/media?parent=1163"}],"wp:term":[{"taxonomy":"product_cat","embeddable":true,"href":"https:\/\/www.brikol.sk\/fr\/wp-json\/wp\/v2\/product_cat?post=1163"},{"taxonomy":"product_tag","embeddable":true,"href":"https:\/\/www.brikol.sk\/fr\/wp-json\/wp\/v2\/product_tag?post=1163"}],"curies":[{"name":"wp","href":"https:\/\/api.w.org\/{rel}","templated":true}]}}

Koncovka textilnej pásky ISOTRA číra / ks

<p>Koncovka textilnej pásky ISOTRA číra slúži na zafixovanie textilnej navíjacej pásky v spodnom profile horizontálnej žalúzie.</p>
<p>(D x Šx V) 25 x 9 x 9 mm</p>

<p>Koncovka textilnej pásky ISOTRA číra slúži na zafixovanie textilnej navíjacej pásky v spodnom profile horizontálnej žalúzie.</p>
